{"id":3955,"date":"2020-05-11T12:51:00","date_gmt":"2020-05-11T12:51:00","guid":{"rendered":"http:\/\/cregyptology.org.uk\/?page_id=3955"},"modified":"2024-11-24T03:54:52","modified_gmt":"2024-11-24T03:54:52","slug":"cre-2020-postponement","status":"publish","type":"page","link":"http:\/\/cregyptology.org.uk\/?page_id=3955","title":{"rendered":"CRE 2021 Rhodes: POSTERS"},"content":{"rendered":"<p>Dear CRE participants, here you can find the submitted posters for CRE 2021!<\/p>\n<p>&nbsp;<\/p>\n<p><a href=\"http:\/\/cregyptology.org.uk\/wp-content\/uploads\/2020\/05\/Antoniadou.pdf\">Christina Antoniadou&nbsp; &nbsp;The militant aspect of Anubis in the literary sources<\/a><\/p>\n<p><a href=\"http:\/\/cregyptology.org.uk\/wp-content\/uploads\/2020\/05\/Hadeer-poster-1.pdf\">Hadeer Belal Water-Jar stands from the Coptic Museum<\/a><\/p>\n<p><a href=\"http:\/\/cregyptology.org.uk\/wp-content\/uploads\/2020\/05\/Poster-Rodi-2021-Cavillier-1.pdf\">Giacomo Cavillier&nbsp; &nbsp; The &#8220;Kay Project&#8221;: The &#8220;Cliff tombs&#8221; in Theban necropolis<\/a><\/p>\n<p><a href=\"http:\/\/cregyptology.org.uk\/wp-content\/uploads\/2020\/05\/Judit-Garz\u00f3n-Rodr\u00edguez.pdf\">Judit Garz\u00f3n Rodr\u00edguez&nbsp; &nbsp; Archaeological-philological-ethno-historical study of fundamental aspects of the penis, its symbolism and meaning in Ancient Egypt<\/a><\/p>\n<p><a href=\"http:\/\/cregyptology.org.uk\/wp-content\/uploads\/2020\/05\/Dimitris-Georgiou.pdf\">Dimitris Georgiou&nbsp; &nbsp; Ancient Egyptian Learning Tool (A.E.L.T.)<\/a><\/p>\n<p><a href=\"http:\/\/cregyptology.org.uk\/wp-content\/uploads\/2020\/05\/Mar\u00eda-Laura-Iamarino.pdf\">Mar\u00eda Laura Iamarino&nbsp; &nbsp;Amarna, Memphis and Thebes landscapes: a comparison with a multiscale approach<\/a><\/p>\n<p><a href=\"http:\/\/cregyptology.org.uk\/wp-content\/uploads\/2020\/05\/Jimenez__Borrego.pdf\">Beatriz Jim\u00e9nez Mero\u00f1o; Francisco L. Borrego Gallardo&nbsp; &nbsp; Iconographical and iconological study of the snake-footed Anubis in Alexandria: connections and new creations<\/a><\/p>\n<p>M<a href=\"http:\/\/cregyptology.org.uk\/wp-content\/uploads\/2020\/05\/Maria-Antigoni-Katsigianni-Fayum-portraits-a-comparative-study-from-the-Egyptian-Collection-of-the-National-Archaeological-Museum-of-Athens-and-the-British-Museum.pdf\">aria-Antigoni-Katsigianni: Fayum-portraits-a-comparative-study-from-the-egyptian-collection-of-the-national-archaeological-museum-of-athens-and-the-british-museum<\/a><\/p>\n<p><a href=\"http:\/\/cregyptology.org.uk\/wp-content\/uploads\/2020\/05\/Poster.-Kazimierczak.pdf\">MagdalenaKa\u017amierczak&nbsp; Distribution of the pottery vessels within the graves at Tell el-Murra cemetery<\/a><\/p>\n<p><a href=\"http:\/\/cregyptology.org.uk\/wp-content\/uploads\/2020\/05\/CRE_2021_poster_SK_JM.pdf\">Stanislava Ku\u010dov\u00e1; Ji\u0159\u00ed Musil&nbsp; &nbsp; ARSW and its Importance for Dating of Late Roman Contexts in the al-Hayz Oasis, Bahariya, Western Desert, Egypt<\/a><\/p>\n<p><a href=\"http:\/\/cregyptology.org.uk\/wp-content\/uploads\/2020\/05\/Kevin-McGuiness.pdf\">Kevin McGuiness&nbsp; &nbsp;Who\u2019s Been Sleeping in Sitre-In\u2019s Sarcophagus<\/a><\/p>\n<p><a href=\"http:\/\/cregyptology.org.uk\/wp-content\/uploads\/2020\/05\/Raquel-Novais.pdf\">Raquel&nbsp; Lavador Novais&nbsp; &nbsp;The preservation and presentation of Self in Egypt and Mesopotamia in the 3rd millennium BC: Portrait aesthetics challenges<\/a><\/p>\n<p><a href=\"http:\/\/cregyptology.org.uk\/wp-content\/uploads\/2020\/05\/Maria-Linda-Pessolano-Egyptian-and-Egyptianizing-Scarabs-from-the-necropolis-of-Pontecagnano.pdf\">Maria Linda Pessolano Egyptian-and-egyptianizing-scarabs-from-the-necropolis-of-pontecagnano<\/a><\/p>\n<p><a href=\"http:\/\/cregyptology.org.uk\/wp-content\/uploads\/2020\/05\/POSTER-DEFINITIVO-DEFINITIVO-Reggiani-Bovo-2.pdf\">Nicola Reggiani; Alessia Bovo&nbsp; &nbsp;Unpublished Greek and Demotic Papyri from Graeco-Roman Tebtunis: A Research Project at the University of Parma<\/a><\/p>\n<p><a href=\"http:\/\/cregyptology.org.uk\/wp-content\/uploads\/2020\/05\/Jayme-Rudolf-Reichard.pdf\">Jayme Rudolf Reichart&nbsp; &nbsp; A Typology of Formal Garden Scenes from Private Eighteenth Dynasty Theban Tombs Prior to the Amarna Period<\/a><\/p>\n<p><a href=\"http:\/\/cregyptology.org.uk\/wp-content\/uploads\/2020\/05\/EMAN-MOHSEN-SHAHAWY-ALEXANDRIA-EGYPT.pdf\">Eman Mohsen Shahawy&nbsp; &nbsp;Workers and Workshops of mosaics in Egypt during Greco-Roman period<\/a><\/p>\n<p><a href=\"http:\/\/cregyptology.org.uk\/wp-content\/uploads\/2020\/05\/Reham-Zaky-1.pdf\">Reham Zaky Social differentiation in Neolithic communities in the Middle Nile Region<\/a><\/p>\n","protected":false},"excerpt":{"rendered":"<p>Dear CRE participants, here you can find the submitted posters for CRE 2021! &nbsp; Christina Antoniadou&nbsp; &nbsp;The militant aspect of Anubis in the literary sources Hadeer Belal Water-Jar stands from <a class=\"more-link\" href=\"http:\/\/cregyptology.org.uk\/?page_id=3955\">Continue Reading &rarr;<\/a><\/p>\n","protected":false},"author":1,"featured_media":0,"parent":0,"menu_order":0,"comment_status":"closed","ping_status":"closed","template":"","meta":{"ngg_post_thumbnail":0,"footnotes":""},"class_list":["post-3955","page","type-page","status-publish","hentry"],"_links":{"self":[{"href":"http:\/\/cregyptology.org.uk\/index.php?rest_route=\/wp\/v2\/pages\/3955","targetHints":{"allow":["GET"]}}],"collection":[{"href":"http:\/\/cregyptology.org.uk\/index.php?rest_route=\/wp\/v2\/pages"}],"about":[{"href":"http:\/\/cregyptology.org.uk\/index.php?rest_route=\/wp\/v2\/types\/page"}],"author":[{"embeddable":true,"href":"http:\/\/cregyptology.org.uk\/index.php?rest_route=\/wp\/v2\/users\/1"}],"replies":[{"embeddable":true,"href":"http:\/\/cregyptology.org.uk\/index.php?rest_route=%2Fwp%2Fv2%2Fcomments&post=3955"}],"version-history":[{"count":2,"href":"http:\/\/cregyptology.org.uk\/index.php?rest_route=\/wp\/v2\/pages\/3955\/revisions"}],"predecessor-version":[{"id":5065,"href":"http:\/\/cregyptology.org.uk\/index.php?rest_route=\/wp\/v2\/pages\/3955\/revisions\/5065"}],"wp:attachment":[{"href":"http:\/\/cregyptology.org.uk\/index.php?rest_route=%2Fwp%2Fv2%2Fmedia&parent=3955"}],"curies":[{"name":"wp","href":"https:\/\/api.w.org\/{rel}","templated":true}]}}