{"id":2736,"date":"2015-04-28T14:40:58","date_gmt":"2015-04-28T14:40:58","guid":{"rendered":"http:\/\/cregyptology.org.uk\/?page_id=2736"},"modified":"2024-11-25T22:23:15","modified_gmt":"2024-11-25T22:23:15","slug":"sponsors-2","status":"publish","type":"page","link":"http:\/\/cregyptology.org.uk\/?page_id=2736","title":{"rendered":"CRE XVII 2016: Sponsors"},"content":{"rendered":"<p>CRE XVII Organising Committee would like to express its sincere gratitude to its sponsor\u00a0<a href=\"http:\/\/www.ees.ac.uk\">Egypt Exploration Society<\/a>, that fund bursaries for CRE XVII in Krak\u00f3w.<\/p>\n<p>Please show your appreciation to the EES by\u00a0<span style=\"text-decoration: underline; color: #3366ff;\"><a href=\"http:\/\/www.ees.ac.uk\/join\/index.html\"><span style=\"color: #3366ff; text-decoration: underline;\">becoming a member<\/span><\/a><\/span>!<\/p>\n<p>&nbsp;<\/p>\n<div id=\"attachment_231\" style=\"width: 130px\" class=\"wp-caption aligncenter\"><a href=\"http:\/\/ees.ac.uk\"><img loading=\"lazy\" decoding=\"async\" aria-describedby=\"caption-attachment-231\" class=\" wp-image-231 \" src=\"http:\/\/cregyptology.org.uk\/wp-content\/uploads\/2013\/06\/logo.gif\" alt=\"The Egypt Exploration Society (EES) is sponsoring student travel bursaries for CRE XV 2014.\" width=\"120\" height=\"148\" \/><\/a><p id=\"caption-attachment-231\" class=\"wp-caption-text\">The Egypt Exploration Society (EES) is sponsoring student bursaries for CRE XVII 2016.<\/p><\/div>\n<p>&nbsp;<\/p>\n<p><strong>Current Research in Egyptology XVII \u2013\u00a0<\/strong><strong>EES award recipients<\/strong><\/p>\n<table>\n<tbody>\n<tr>\n<td width=\"205\"><strong>Name<\/strong><\/td>\n<td width=\"247\"><strong>Affiliation<\/strong><\/td>\n<td width=\"163\"><strong>Country<\/strong><\/td>\n<\/tr>\n<tr>\n<td width=\"205\">Dr Nelli Boraie<\/td>\n<td width=\"247\">Teacher<\/p>\n<p>Cairo University<\/td>\n<td width=\"163\">Egypt<\/td>\n<\/tr>\n<tr>\n<td width=\"205\">Sylwia Bu\u0142awka<\/td>\n<td width=\"247\">PhD student<\/p>\n<p>Polish Academy of Sciences<\/td>\n<td width=\"163\">Poland<\/td>\n<\/tr>\n<tr>\n<td width=\"205\">Muhammady Fathy<\/td>\n<td width=\"247\">Assistant lecturer<\/p>\n<p>Cairo University<\/td>\n<td width=\"163\">Egypt<\/td>\n<\/tr>\n<tr>\n<td width=\"205\">Magdalena Kazimierczak<\/td>\n<td width=\"247\">PhD student<\/p>\n<p>Jagiellonian University<\/td>\n<td width=\"163\">Poland<\/td>\n<\/tr>\n<tr>\n<td width=\"205\">Min-soo Kwack<\/td>\n<td width=\"247\">PhD student<\/p>\n<p>Durham University<\/td>\n<td width=\"163\">UK<\/td>\n<\/tr>\n<tr>\n<td width=\"205\">Aurore Motte<\/td>\n<td width=\"247\">PhD student<\/p>\n<p>Universit\u00e9 de Li\u00e8ge<\/td>\n<td width=\"163\">Belgium<\/td>\n<\/tr>\n<tr>\n<td width=\"205\">Daniel S\u00e1nchez Mu\u00f1oz<\/td>\n<td width=\"247\">PhD student<\/p>\n<p>University of Granada<\/td>\n<td width=\"163\">Spain<\/td>\n<\/tr>\n<tr>\n<td width=\"205\">Porin \u0160\u0107ukanec Rezni\u010dek<\/td>\n<td width=\"247\">Researcher<\/p>\n<p>Archaeological Museum in Zagreb<\/td>\n<td width=\"163\">Croatia<\/td>\n<\/tr>\n<tr>\n<td width=\"205\">Victoria Yarmolovich<\/td>\n<td width=\"247\">Student<\/p>\n<p>Russian Academy of Sciences<\/td>\n<td width=\"163\">Russia<\/td>\n<\/tr>\n<tr>\n<td width=\"205\">Maciej Wac\u0142awik<\/td>\n<td width=\"247\">PhD student<\/p>\n<p>Jagiellonian University<\/td>\n<td width=\"163\">Poland<\/td>\n<\/tr>\n<\/tbody>\n<\/table>\n<p>&nbsp;<\/p>\n","protected":false},"excerpt":{"rendered":"<p>CRE XVII Organising Committee would like to express its sincere gratitude to its sponsor\u00a0Egypt Exploration Society, that fund bursaries for CRE XVII in Krak\u00f3w. Please show your appreciation to the <a class=\"more-link\" href=\"http:\/\/cregyptology.org.uk\/?page_id=2736\">Continue Reading &rarr;<\/a><\/p>\n","protected":false},"author":1,"featured_media":0,"parent":0,"menu_order":4,"comment_status":"closed","ping_status":"closed","template":"","meta":{"ngg_post_thumbnail":0,"footnotes":""},"class_list":["post-2736","page","type-page","status-publish","hentry"],"_links":{"self":[{"href":"http:\/\/cregyptology.org.uk\/index.php?rest_route=\/wp\/v2\/pages\/2736","targetHints":{"allow":["GET"]}}],"collection":[{"href":"http:\/\/cregyptology.org.uk\/index.php?rest_route=\/wp\/v2\/pages"}],"about":[{"href":"http:\/\/cregyptology.org.uk\/index.php?rest_route=\/wp\/v2\/types\/page"}],"author":[{"embeddable":true,"href":"http:\/\/cregyptology.org.uk\/index.php?rest_route=\/wp\/v2\/users\/1"}],"replies":[{"embeddable":true,"href":"http:\/\/cregyptology.org.uk\/index.php?rest_route=%2Fwp%2Fv2%2Fcomments&post=2736"}],"version-history":[{"count":1,"href":"http:\/\/cregyptology.org.uk\/index.php?rest_route=\/wp\/v2\/pages\/2736\/revisions"}],"predecessor-version":[{"id":5132,"href":"http:\/\/cregyptology.org.uk\/index.php?rest_route=\/wp\/v2\/pages\/2736\/revisions\/5132"}],"wp:attachment":[{"href":"http:\/\/cregyptology.org.uk\/index.php?rest_route=%2Fwp%2Fv2%2Fmedia&parent=2736"}],"curies":[{"name":"wp","href":"https:\/\/api.w.org\/{rel}","templated":true}]}}